31 + (0/w)/(-1). Let v = 0 + q. What is the tens digit of v?
3
Let r = 12 - 10. Let p(l) = -4*l - 15*l + 6*l - 5*l**3 - 14*l**r + 4*l**3 + 15. What is the tens digit of p(-13)?
1
Let q(x) = 3*x**3 - 2*x**2 + 17*x - 81. What is the units digit of q(5)?
9
What is the thousands digit of (-2)/(-12) - 158246/(-132)?
1
Let u(j) = 24*j - 7. Suppose -5*v = -3*v - 2, -2*b + 3*v = -5. What is the tens digit of u(b)?
8
Let j = 470 - 189. Let u = j - 158. What is the units digit of u?
3
Let r(o) = -o - 2. Let h be r(13). Suppose -2*x - 14 = -s, 5*x + 4*s = s - 46. Let p = x - h. What is the units digit of p?
7
Let w(l) be the first derivative of l**3 - 8*l**2 - 65*l - 20. What is the tens digit of w(-8)?
5
What is the units digit of (-180279)/(-108) - 1/4?
9
Let g(i) = -i + 18. Let c be g(13). Suppose 0 = -l + c*l - 252. What is the tens digit of l?
6
Let m be (18/(-5))/(44/(-330)). Let l = 50 + m. What is the tens digit of l?
7
Suppose -1 = -4*h + 867. What is the hundreds digit of h?
2
Let b be (2/(-5))/((-9)/90). Suppose -2*p + b*p = 2, 4*q - p = 551. What is the tens digit of q?
3
Let o(w) = -w**2 - w - 3. Let d be o(-3). Let q = d + 13. Suppose -q*s = -7*s + 63. What is the units digit of s?
1
Let k(g) = -g**3 + 7*g**2 + 2*g - 6. Let i(d) = -9*d**2 + 9*d - 2*d + 8*d**2. Let w be i(6). What is the tens digit of k(w)?
4
Let b = -773 + 3103. What is the units digit of b?
0
Suppose 3*f - 17 = 13. Suppose r = b + 2, -4*b - f = -6*r + r. Suppose v = r*v - 33. What is the tens digit of v?
3
Suppose -2*k + 2851 = -3*h, -4304 = 18*k - 21*k - h. What is the thousands digit of k?
1
Let l(q) = 20*q**2 - 15*q - 26. What is the hundreds digit of l(7)?
8
Let g = 43 - 40. Suppose -2*y - r + 134 = r, -g*r + 273 = 4*y. What is the tens digit of y?
7
Let k(g) = -846*g - 190. What is the tens digit of k(-3)?
4
Suppose 5 - 1 = 2*i. Suppose -i*r + 4 = -86. What is the tens digit of r?
4
Let x = 8 + 3. Let v = -11 + x. Suppose -20 = -4*p - v*p, 2*s + 4*p = 36. What is the units digit of s?
8
Suppose -j - 2*i = 4, -12 = -3*j - 2*j - 2*i. Suppose j*x - 4 = 3*x. Suppose -x*t = -0*t - 88. What is the units digit of t?
2
Let m(p) = 4*p**2 - 3*p + 12. What is the hundreds digit of m(-11)?
5
Let a(u) = u**2 - 6*u - 2. Let l be a(7). Suppose -5*m + b - 50 = -441, 239 = 3*m - l*b. What is the tens digit of m?
7
Suppose 2244 = 12*r - 15*r. What is the tens digit of (-12)/(-20) - r/20?
3
Suppose -3*s + 8545 = 4*b, -177*s + 2*b - 5694 = -179*s. What is the thousands digit of s?
2
Let w(t) = t**2 - t + 16. Suppose -2*o + o = -5*x - 2, 0 = 2*o + 2*x - 16. Let c be w(o). Suppose 2*s = s + c. What is the tens digit of s?
5
Suppose -1 = p - 3, 0 = 2*r - 3*p - 4452. What is the units digit of r?
9
Let w(y) = 31*y**3 + 18*y**2 + 3*y + 2. What is the tens digit of w(4)?
8
Let l = 1 + 2. Let p = 11 - l. Let x = 12 - p. What is the units digit of x?
4
Suppose -4*i = -6*i + 2. Let r(u) = 41*u - 2. What is the units digit of r(i)?
9
Let l = 1042 - 676. What is the tens digit of l?
6
Let d(z) = 11*z**3 + 5*z**2 + 6*z - 13. What is the units digit of d(2)?
7
Let j = 15 + -5. Suppose 2 + j = 3*p. Suppose 3*z = -b + 41, 0 = -3*z - b + p*b + 45. What is the tens digit of z?
1
Suppose 4*p - 4 = 2*p. Suppose 270 = p*h - 188. What is the units digit of h?
9
Let k = 24 + -20. Let p = 42 - k. What is the tens digit of p?
3
Let p = -14 + 14. Suppose p = -6*l + 190 - 2854. What is the units digit of ((-4)/6)/(8/l)?
7
Suppose 5*f = f - 36. Let v = -11 - f. What is the units digit of 0 - v/4*4?
2
Suppose -148 = 8*u - 3116. Suppose 3*b = -128 + u. What is the units digit of b?
1
Suppose 271 = 10*d - 619. What is the tens digit of d?
8
Suppose -19*q + 24*q + 955 = 0. Let m = -89 - q. What is the hundreds digit of m?
1
Suppose -11821 = -4*y + x, 0 = y - 15*x + 13*x - 2950. What is the thousands digit of y?
2
What is the hundreds digit of 1964 - (54/72 + 13/4)?
9
Let p(r) = 5*r**2 - r + 1. Let m be p(1). Suppose -5*u - 9 = 6, 4*n - 31 = m*u. Suppose 0 = k - 4*l - 21, -4*k = -n*l - 87 + 15. What is the tens digit of k?
1
Let f(n) = -n**2 - 7*n + 6. Let s be f(-8). Let v be (-4 + -2)/s - 0. Let o = 26 + v. What is the units digit of o?
9
Let c(t) = t. Let r be c(-3). Let n be r/12 - 34/(-8). What is the tens digit of n/(-3)*198/(-12)?
2
Let n = -4735 + 6688. What is the units digit of n?
3
What is the units digit of (-16 - 84/12)*-167?
1
Let f(x) = 1062*x**2 - 7*x + 6. What is the tens digit of f(1)?
6
Let t(i) = i. Let u be t(0). Suppose -5*b - 5*y = -20, u*b - 2 = -b - 3*y. Suppose 0 = l - b*l - f + 45, -4*f = -4. What is the tens digit of l?
1
What is the tens digit of 22035/24 - (-6)/(-48)?
1
Let v be (0 - -507) + (-2 + 8)/2. Suppose 3*t + 3*t - v = 0. What is the tens digit of t?
8
Let m(w) = -9*w**2 + 1. Let s(t) = 10*t**2 - 2. Let j(k) = -5*m(k) - 4*s(k). What is the tens digit of j(-4)?
8
Suppose -128 - 64 = -4*a. Suppose 0 = -4*n + 68 + a. What is the units digit of n?
9
Suppose 2030 = x + 28*x. What is the tens digit of x?
7
Let d(b) = 12*b**2 + 4*b - 17. What is the units digit of d(5)?
3
Suppose 2*x = u + 6, -5*u = -2*u - 5*x + 13. Suppose -8 = u*f + 2*h - 50, 4*f + 3*h = 45. What is the units digit of f?
9
Suppose -6 = 3*y - 24. Suppose a = -2*a - y. What is the units digit of 5/a*28/(-10)?
7
Let w be (-4)/(-1 + 3 + 0). Let v be 1*(82/w)/(-1). Let b = v - 21. What is the units digit of b?
0
What is the hundreds digit of (-3533 + 0)*(-16)/(384/24)?
5
What is the hundreds digit of (-4 - -15) + (-3004)/(-4)?
7
Let b(c) = -c**2 - 38*c - 88. What is the tens digit of b(-26)?
2
Let y(r) = 3*r**3 + 7*r**2 - 8*r + 10. What is the tens digit of y(5)?
2
Let n = -95 + 151. Suppose -2*c + n = -c. What is the units digit of c?
6
Let s(h) = h**2 - 13. Let g be s(3). What is the tens digit of g*(-4 + 3) - -7?
1
Let u(q) = -q - 23. Let a(l) = 3. Let k(o) = 21*a(o) + 3*u(o). Let h be k(-6). Let v = h - 0. What is the tens digit of v?
1
Suppose 3*y = 584 + 1315. What is the hundreds digit of y?
6
Let j(a) = -4*a**3 - a. Let u be j(-1). What is the hundreds digit of 134*(1*-1 + -3 + u)?
1
Suppose -10 = -3*z + z. Suppose -4*q + 43 = w - 2, 39 = 4*q - z*w. What is the tens digit of q*(0 - -1) + -1?
1
Let i(d) be the third derivative of d**5/60 - d**4/12 - 6*d**2. Let c be i(5). Suppose 22 = q - c. What is the units digit of q?
7
Let q(g) = -g**3 + 9*g**2 + 3. Let r be q(9). Suppose 7*c = r*c. What is the units digit of c + 6 + 6/(-3)?
4
Let k(t) = -t**2 - 18*t - 34. Let r be k(-15). Suppose r*i = -118 + 1284. What is the units digit of i?
6
Let w be 3/9*0/(-6). Suppose w*q + k - 101 = -2*q, 5*k + 25 = 0. What is the units digit of q?
3
Let f(v) = 3*v - 21 + v**3 - 5*v + 8*v**2 + 31 + 10*v. What is the tens digit of f(-6)?
3
Let a = 0 + 0. Suppose m + a = 4. Suppose -4*z - 5*f + 42 = -2*z, -m*z - 2*f + 52 = 0. What is the tens digit of z?
1
Let j(w) = 6*w - 9*w**2 + 8*w + 13 - w**3 - 5*w - 14. Let v be j(-10). Suppose -18 = -3*i + v. What is the units digit of i?
9
Let l = -12 - -32. Suppose -l*m = -14*m - 1470. What is the units digit of m?
5
Suppose 3*j - 70 = 92. Suppose -j = n - 161. What is the hundreds digit of n?
1
Let n be 1 - (0 - 1)*1/1. Suppose n*m - 5*m = -252. What is the tens digit of m?
8
Let x be (((-7)/4)/1)/((-6)/96). What is the tens digit of -3 + (-1104)/(-10) + x/(-70)?
0
Suppose -2*s - 27 = -6*s - 5*b, 0 = -3*s + b + 6. Suppose h = -2*p + 233, 4*p - 6*h = -s*h + 471. What is the tens digit of p?
1
Let k = -1206 - -3805. What is the hundreds digit of k?
5
What is the tens digit of (527/(-68))/((-2)/304 - 0)?
7
Suppose 0*d + 2*d - 10 = 0. Suppose -d*q = -q. Suppose q*o + 3*o = 5*l + 40, -2*o + 5*l = -30. What is the tens digit of o?
1
Suppose -b + 704 = -4*n, n + 0*n - 1408 = -2*b. What is the tens digit of b?
0
Suppose -3*i - 255 = -6*i + 5*p, p + 163 = 2*i. What is the units digit of i?
0
Let o(a) = -a**2 - 133*a + 91. What is the thousands digit of o(-52)?
4
Let d(b) = -5*b. Let t be d(-2). Let q be (-14 - t)*4/(-6). What is the units digit of 2/q + 622/16?
9
Let i(h) = -62*h - 22. Let x be i(-9). Suppose 205 = 3*n + b - 202, 0 = -4*n + 2*b + x. What is the hundreds digit of n?
1
Suppose -2*w + 3*w = 3. Let x be -2*(w + -5)*1. Suppose n - 4 = 2*f - 37, -x*n - 13 = -f. What is the tens digit of f?
